 4*l**2 + 3*l - 4. What is the units digit of t(p)?
8
Let k(p) = -6*p**2 - 4*p - 1. Let u be k(-3). Let b = -5 - u. What is the units digit of b?
8
What is the tens digit of 1016/36 + (-2)/9?
2
Suppose -2*g = 3*g + 20. Let t(o) = 2*o**2 + 4*o. What is the tens digit of t(g)?
1
Let y(o) = o - 5. Let b = 1 + 5. What is the units digit of y(b)?
1
Let n = 2 - 2. Suppose -3*z = -n*z - 60. What is the tens digit of z?
2
Let c = 12 + -10. What is the units digit of (c/3)/(8/216)?
8
Suppose d - 3 = 1. Suppose 5*b - d = 3*b. Let p = 5 - b. What is the units digit of p?
3
Suppose 9 = -2*q + 3*q. Let h be (8/(-6))/(3/(-9)). Suppose -6 = 3*m, 4*t - 31 - q = h*m. What is the units digit of t?
8
What is the units digit of -1 + -1 + (-44)/(-2)?
0
Let v(w) = w**3 - 2*w**2 + 2*w + 5. Let h(f) = -4*f - 21. Let u be h(-6). What is the tens digit of v(u)?
2
Let f(q) = 3*q**2 - 7*q - 9. What is the units digit of f(8)?
7
What is the units digit of 22 - ((3 - 3) + 0)?
2
What is the tens digit of (-1455)/(-30) - 3/12*-2?
4
Suppose -5*y = 4*l + 170, -5*l + 81 = -4*y - 14. What is the units digit of 3/(-12) + y/(-24)?
1
Let q = -49 + 90. What is the units digit of q?
1
Suppose -5*o - 14 = -2*l - 2*l, 2*l - 2 = 0. What is the units digit of o/6 + 448/21?
1
Let m(s) = 3 - s**3 - 3*s**3 + 3 + 5*s**3 - 7*s - 2*s**2. What is the units digit of m(4)?
0
Let a(v) = -20*v - 5. What is the hundreds digit of a(-12)?
2
Let k(b) = -33*b + 1 - 2 + 17*b. What is the units digit of k(-2)?
1
Suppose 3*f - 4 = -13. Let b = 16 + f. What is the units digit of b?
3
Let i be ((-4)/8)/((-2)/12). Let h = 2 + i. What is the units digit of h?
5
What is the units digit of 89 - (-4 - -4 - 1/1)?
0
Let t(f) = f**2 + 7*f - 3. Let k be t(-9). Suppose -4*p + k = -p. What is the units digit of p?
5
What is the units digit of -1 - 0 - (1 + -5)?
3
Let k be 10/3*(7 + -10). What is the units digit of 2/k - 705/(-25)?
8
Suppose -4*y - 4*n + 90 = -86, -5*y + 185 = -2*n. What is the tens digit of y?
3
Suppose -3*b = b - 8. Suppose -2*n + 4 = 4*j, -2*n + 5 = -b*j + 5*j. What is the units digit of n?
4
Let t be 3/(-6)*4*-8. Let r = t + -5. What is the units digit of r?
1
Let t = 11 + -4. What is the units digit of t?
7
Let r(z) = z**2 - 10*z + 3. What is the tens digit of r(13)?
4
Suppose -3*p + q - 5 = 6, 5*p + 2*q = -11. Let d = 13 - p. What is the units digit of d?
6
Suppose -f - q = -3*q - 40, q = 3*f - 115. Suppose -5*l = -2*r - f, 4*l - 25 = -4*r + 11. What is the units digit of l?
8
Let o = 3 + 2. Let m(x) = -x**2 + 6*x - 1. What is the units digit of m(o)?
4
Let j(s) = 2*s**2 + 5*s - 1. Let y be j(-3). Let f = 2 + 2. What is the units digit of ((-2)/f + 2)*y?
3
Let u(h) = 3*h - 13. What is the units digit of u(20)?
7
Let n(f) = -f**2 - 9*f - 4. Let t = -7 - 0. What is the tens digit of n(t)?
1
Let w be (0/(-1 + 4))/(-2). Suppose w = 2*z - 0*z - 30. What is the tens digit of z?
1
Let s be (-20)/(-10) + 1*13. What is the tens digit of (114/s)/(4/20)?
3
Suppose -3*g + 2*p - 2 = 0, 5*g + 0*p - 2*p = 2. Suppose -3*j = 2*o + 13, 2 = -5*o - g*j - 3. What is the units digit of o?
1
What is the units digit of -25 + 115 + 1*2?
2
Suppose -31 = -5*a - 11. Suppose v = -s + 1, 0 = 5*s + 19 - a. What is the units digit of v?
4
Let y(c) = c**2 + 4*c - 1. Let j be y(-3). Suppose -x + 10 = -0*x. Let v = x + j. What is the units digit of v?
6
Let s be (12/2)/((-6)/(-4)). Suppose -s*m + 45 = 3*d, -3*d + 7*d - 79 = m. What is the units digit of d?
9
Let z(n) be the second derivative of n**3/6 + 15*n**2/2 - 3*n. What is the tens digit of z(0)?
1
Suppose -5*m + 3*c + 46 = 0, 3*m = -3*c + 13 + 5. What is the units digit of (3/2)/(12/m)?
1
Suppose -3*i - 25 + 10 = 0, 147 = -4*a + i. Let b = -23 - a. What is the tens digit of b?
1
Suppose 0 = -0*s + s - 22. Let l = -14 - -26. What is the units digit of s/5 - l/30?
4
Let y be ((-20)/(-25))/((-2)/(-10)). Suppose 0 = 4*i - y - 4. Suppose -i*z - 2 = -3*z. What is the units digit of z?
2
Suppose w = -2*t + 1, 6*t - 4*t + 11 = 3*w. Let c be t*(1*18 - 2). Let u = -7 - c. What is the units digit of u?
9
Let p(c) = c - 9. Let m be p(9). What is the units digit of 1 + 1 - (m + -2)?
4
What is the units digit of -14*((-6)/4 - -1)?
7
Suppose 2*q - 98 - 6 = 0. What is the units digit of q?
2
Let f be -5 + 4 - (0 + -1). Suppose f = -4*i + 10 + 62. What is the tens digit of i?
1
Let r(a) = -a - 4. Let p be r(-9). Let x(z) = z**2 - 2*z + 1. What is the units digit of x(p)?
6
Let u(t) = t**3 + 7*t**2 - 11*t - 11. What is the units digit of u(-8)?
3
Suppose -4*o - 5*b = -124, -2*o + 54 = 4*b - 2. What is the tens digit of o?
3
Suppose 12*m = 11*m + 12. Let d = -11 + m. What is the units digit of d?
1
Suppose 145 = 16*m - 11*m. What is the tens digit of m?
2
Suppose -223 = -5*r + 422. What is the tens digit of r?
2
Let w(k) be the first derivative of 3*k**2/2 + 2*k + 5. What is the units digit of w(2)?
8
Let c be 4/10 + (-16)/(-10). Suppose 0 = -u - o - 1, -c*u = 2*u + 5*o + 7. Suppose -3*k + 2*z = -6*k + 44, -30 = -u*k - 2*z. What is the tens digit of k?
1
Suppose -1 = -3*k - 7, -2*y + 164 = 4*k. What is the units digit of y?
6
What is the tens digit of (-140)/(-12)*(-24)/(-20)?
1
Suppose 0 = -4*m + 4*u + 26 - 10, -4*u + 24 = 4*m. Suppose 5*z = -m*k - 45, 4*k + 23 = -2*z - 5. Let d = 14 + k. What is the units digit of d?
9
What is the tens digit of 1/(-2) + 228/8?
2
Let l = 52 - 76. What is the units digit of (l/9)/2*-9?
2
Let u(m) = -m**2 - 10*m + 5. Let g be u(-10). Suppose -4*x - 13 = -g*x. What is the units digit of x?
3
Let h(k) = 3*k**2 + 3*k**3 - 2*k**2 - 2*k**3. Let x be h(-1). Suppose -5*j + 28 = 3*i - j, x = 5*j + 10. What is the tens digit of i?
1
Let h(t) = -12*t - 17. What is the tens digit of h(-12)?
2
Suppose -h - 5*y - 12 = 0, 2*h - 3 = -4*y - 9. Suppose -2 = 5*o - h*o. What is the units digit of (-1 - 1 - o)*-5?
5
Let h be 16/3 - 1/3. Let x = 29 - h. What is the units digit of x?
4
Let y = 5 - 0. Suppose 3*k - 20 = 8*k. What is the units digit of (y + 1)/((-3)/k)?
8
Suppose 0 = 4*r - d + 12, 2*r + 2*d - 6 = -22. Let b be (42/r)/((-15)/20). What is the units digit of 1/(-2 - (-30)/b)?
7
Let l be (9/(-6))/((-6)/(-8)). Let z = l + -1. Let x = 6 + z. What is the units digit of x?
3
Let w = -106 - -224. What is the tens digit of w?
1
Let c = 11 + 55. What is the tens digit of c?
6
Suppose -3*y - y + 80 = 0. Let p(s) = s - 4. Let g be p(9). Suppose -g*f + 46 = 2*i, f - y = 4*i + i. What is the tens digit of f?
1
Suppose -2*a - a = -21. Let j(f) = f - 6. Let g be j(a). What is the units digit of 0 + -1 + 2/g?
1
Let g(c) = 2*c**2 + 9*c. Suppose 0 = 2*y - z + 7, 0 = -2*y + 7*y + 5*z + 55. What is the tens digit of g(y)?
1
Suppose 0 = 3*o + 3, -4*o = -3*d + 4*d - 64. Suppose 3*j + p = 5*p + d, 4*j - 5*p - 90 = 0. What is the units digit of j?
0
Let g = 4 - 7. Let a(l) = -4*l - 5. Let t(h) = -7*h - 9. Let j(q) = -5*a(q) + 3*t(q). What is the units digit of j(g)?
1
Suppose 4*v - 26 = 66. What is the tens digit of v?
2
Suppose 0*x = 2*x - 8. Suppose -60 = u - x*u. What is the tens digit of u?
2
Suppose 5*d - 98 + 13 = 0. Suppose p - 5 = -2. Let c = d - p. What is the units digit of c?
4
What is the tens digit of (-6)/(-3) - 7 - -62?
5
Let q be (-1)/(-1*(-1)/(-14)). Suppose 138 = 5*j - p, -j = -p - 12 - q. Suppose 2*a + 2*a = j. What is the units digit of a?
7
Let l = -192 - -282. Suppose -3*r - 2*r = -5*x - l, 0 = 2*r - 4*x - 38. What is the tens digit of r?
1
Suppose 0 = 3*h + 4*f - 119, -2*f = -h - f + 28. Let n = -26 + 31. Suppose -a = n*c - h, -12 = -4*a + 3*c + c. What is the units digit of a?
8
Let j(b) = -b**2 + 1. Let w(x) = x**2 - x - 1. Let m(g) = -3*j(g) - 4*w(g). Let z be m(4). What is the units digit of z/(-1) + 10 + -4?
5
Suppose x - 28 = -4*l, 4 + 4 = -2*x. What is the units digit of l?
8
Let p(u) = 2*u + 2. Let w be p(-2). Let f be 0/(w*1*1). Suppose 3*a + 12 = f, -5*x + 51 = -4*a + 10. What is the units digit of x?
5
Let g be (0 + 2)*15/6. Let v(r) = r**2 + r + 7. What is the units digit of v(g)?
7
Let i = 106 - -63. What is the tens digit of i?
6
Let q = -38 + 55. Suppose -3*c + 49 + q = 0. What is the units digit of c?
2
Suppose 5*d + 4*g = 211, -2*g - 31 = -d - 0*g. What is the tens digit of (d/(-6))/(1/(-6))?
3
Let l(f) = -f**3 + 5*f**2 + 2*f - 1. Let s be l(4). Let 